{"id":57,"date":"2016-11-07T12:04:09","date_gmt":"2016-11-07T11:04:09","guid":{"rendered":"http:\/\/sebu.ing.uni.wroc.pl\/?page_id=57"},"modified":"2024-05-23T13:34:23","modified_gmt":"2024-05-23T11:34:23","slug":"granty-naukowe","status":"publish","type":"page","link":"https:\/\/sebu.ing.uni.wroc.pl\/index.php\/nauka\/granty-naukowe\/","title":{"rendered":"Granty naukowe"},"content":{"rendered":"<p style=\"text-align: center;\"><span style=\"color: #333399;\">Wsparcie wsp\u00f3\u0142pracy z otoczeniem spo\u0142eczno-gospodarczym Uniwersytetu Wroc\u0142awskiego &#8211; <\/span><span style=\"color: #333399;\"><strong>\u0179r\u00f3d\u0142a Opolskie. Wyja\u015bnienie przyczyn zaniku du\u017cych \u017ar\u00f3de\u0142 krasowych i zanieczyszczenia w\u00f3d podziemnych w \u00a0po\u0142udniowej Opolszczy\u017anie &#8211; <\/strong>rok 2024<br \/>\n<\/span><\/p>\n<p style=\"text-align: center;\"><span style=\"color: #333399;\">Projekt Iceland, Lichtenstein, Norway grants pn. \u201e<strong>Karpaty \u0141\u0105cz\u0105 \u2013 ochrona Torfowisk Orawsko-Nowotarskich<\/strong>\u201d\u00a0 &#8211; lata 2023\/2024<\/span><\/p>\n<p style=\"text-align: left;\"><span style=\"color: #333333;\"> Model przestrzenny\u00a0 uwarunkowa\u0144 abiotycznych, przedstawiaj\u0105cy stan siedlisk przyrodniczych (w zakresie modelu koncepcyjnego systemu hydrogeologicznego\u00a0 w tym systemu przep\u0142ywu i bilansu w\u00f3d).<\/span><\/p>\n<p>Strona projektu <a href=\"https:\/\/torfowiska.karpatylacza.pl\/o-projekcie\">https:\/\/torfowiska.karpatylacza.pl\/o-projekcie<\/a><\/p>\n<p style=\"text-align: center;\"><span style=\"color: #333399;\">Grant na badania wst\u0119pne IDUB UWr (II edycja)\u00a0 &#8211; lata 2022\/2023 &#8211; <strong><em>Hydrogeochemistry and genesis of brines in the K\u0142odawa salt dome<br \/>\n<\/em><\/strong><\/span><\/p>\n<p>K\u0142odawa Salt Mine is the largest salt mine and its leading producer in Poland. Brine outflows, being a common phenomena, pose threat to the safety of exploitation and are also an object of research in field of hydrogeochemistry and mine hydrogeology. They are often the only chance to learn about the processes taking place in the deposit and its contact with the surrounding rocks. Due to the lack of a defined methodology and a small number of research, it is very difficult to determine the genesis and processes affecting the chemical composition of highly mineralized brine outflows. The research project consist of comprehensively analysis the chemical and isotopic composition (O-H-S-C) of nine water phenomena, groundwater from piezometers and intakes. The innovative use of S and O isotope studies in SO<sub>4<\/sub><sup>2<\/sup><sup>&#8211;<\/sup>, in seeps and salt cyclothem rocks, will enrich interpretation of brine genesis. Methods will provide practical guidance for study of such phenomena in other deep mines. The analysis carried out against the background of long-term observations of the mine will not only allow to indicate the directions of further analyses, but will also provide an argument to develop the presented methods and research in future projects.<\/p>\n<p style=\"text-align: center;\"><span style=\"color: #333399;\">Grant NCBiR\u00a0 &#8211; lata 2019\/2022 &#8211; <strong><em>Innowacyjne technologie ograniczenia migracji zasolonych podziemnych do w\u00f3d powierzchniowych w rejonie OUOW \u017belazny Most<\/em><\/strong><\/span><\/p>\n<p>Projekt ma na celu wdro\u017cenie innowacyjnych metod ograniczania wp\u0142ywu w\u00f3d zasolonych z Obiektu Unieszkodliwiania Odpad\u00f3w Wydobywczych \u017belazny Most na wody podziemne i powierzchniowe. Na podstawie monitoringu OUOW \u201e\u017belazny Most\u201d, zostan\u0105 ocenione istniej\u0105ce systemy ochrony w\u00f3d w rejonie OUOW (drena\u017ce zdeponowanych odpad\u00f3w i zap\u00f3r, rowy opaskowe, dzia\u0142ania techniczne na przedpolu) ze wzgl\u0119du na skuteczno\u015bci i potencja\u0142 zwi\u0119kszenia efektywno\u015bci. Ocenione zostan\u0105 r\u00f3wnie\u017c \u017ar\u00f3d\u0142a zanieczyszcze\u0144 w\u00f3d powierzchniowych i podziemnych: g\u0142\u00f3wnie akwen i pla\u017ce OUOW, lecz tak\u017ce ewentualne awarie i nieszczelno\u015bci system\u00f3w hydrotransportu i gospodarki wodnej oraz wt\u00f3rne zanieczyszczenia wywo\u0142ane: zbiornikami do \u201ep\u0142ukania\u201d ruroci\u0105g\u00f3w, rz\u0105piami pompowni a tak\u017ce rowami opaskowymi. Dla weryfikacji zaproponowanych rozwi\u0105za\u0144, opracowane zostan\u0105 dwa tr\u00f3jwymiarowy modele, przep\u0142ywu w\u00f3d podziemnych w rejonie OUOW i model migracji zanieczyszcze\u0144 obejmuj\u0105cy zasi\u0119giem stref\u0119 zmian hydrodynamicznych i hydrochemicznych OUOW \u201e\u017belazny Most\u201d. Na podstawie symulacji numerycznych zostan\u0105 zaproponowane korekty istniej\u0105cego systemu ochrony w\u00f3d podziemnych (lokalne uszczelnienia row\u00f3w opaskowych, wydzielenie w Zak\u0142adach G\u00f3rniczych w\u00f3d o du\u017cym zasoleniu i ich oddzielne zagospodarowanie, korekta wydajno\u015bci studni drena\u017cu pionowego itp.). Prowadzone b\u0119d\u0105 tak\u017ce analizy dotycz\u0105ce innych innowacyjnych dzia\u0142a\u0144 ograniczaj\u0105cych filtracj\u0119 s\u0142onych w\u00f3d do rzek: \u015bciany filtracyjne ze studniami lub szczelne na przedpolu obiektu, drena\u017ce powierzchniowe obszar\u00f3w zanieczyszczonych, pi\u0119trzenie w\u00f3d s\u0142odkich w odbiornikach (rzeka Rudna i jej dop\u0142ywy), budowa r\u00f3wnoleg\u0142ego do skarp OUOW rowu zasilanego wodami s\u0142odkimi. Zabudowa kaskadowa mo\u017ce zdecydowanie zmieni\u0107 re\u017cim w\u00f3d podziemnych. Zostanie przeanalizowana mo\u017cliwo\u015b\u0107 doszczelniania warstw wodono\u015bnych prowadz\u0105cych wod\u0119 zasolon\u0105 na przedpole za pomoc\u0105 iniekcji odpadami drobnoziarnistymi.<\/p>\n<p style=\"text-align: center;\"><span style=\"color: #333399;\">Grant NCN\u00a0 &#8211; lata 2011\/2014 &#8211; <strong><em> Groundwater flow systems and the conditions of the formation of groundwater resources in crystalline and sedimentary rocks of the Eastern Sudety Mountains.<\/em><\/strong><\/span><\/p>\n<p>Depending on natural conditions and relationships with the hydrographic structure, groundwater flows through local, regional or transition flow systems in a given catchment. The main goal of this project is to identify various types of groundwater flows and to quantify the amount of water resources present in different crystalline aquifers of the mountain areas, characterized by high anisotropy of rock environment. Detailed seasonal field observations and chemical analyses will determine the quantity of flowing water and resources in various circulation systems of the Sudety Mountain region. The results of this study will gain new knowledge on: preferential groundwtare flow systems, spatial and quantitative relationships of major water flows in different flow systems, basic mechanisms that shape groundwater resources, its accumulation and storage. Individual groundwater circulation systems influence the rate and size of the renewable water resources existing in aquifer system. Therefore, the results of this study will also expand and complement existing knowledge on the conceptual and mathematical models of groundwater flow systems, particularly in mountain areas. This knowledge can be further used for various research, diagnostic and prognostic purposes. Additionally, the results of this study are expected to provide new, valuable quantitative and qualitative data for the discussion on the role of mountain shallow near surface weathering zone and tectonic zones in the circulation and storage of groundwater in crystalline hard rock catchments.<\/p>\n<p>While water is an important agent supporting \u00a0environmental and aquatic ecosystems, this study will also allow for accurate evaluations on factors controlling a development of flora and fauna under different flow conditions (e.g., base-flow condition and drought, severe flood events). Results of this study may also have practical applications for water management plans in mountain areas such as managing of old and new groundwater intakes and overall groundwater resources in the mountain areas comprised of complex geology and tectonic structure.<br \/>\nIn the K\u0142odzko Valley of the Sudety Mts. (proposed study area), major groundwater intake relies to a large extent on groundwater resources present in\u00a0 crystalline and sedimentary rocks (Upper Cretaceous sandstones). Most of the towns situated within the Eastern Sudety Mts., extract water from the Paleozoic groundwater aquifers for medical and tourism purposes (e.g., sanatoria, spas, etc., in L\u0105dek-Zdr\u00f3j, Duszniki-Zdr\u00f3j, Mi\u0119dzyg\u00f3rze, etc.). While increasing water deficit has been already observed under current condition, a rapid growth of infrastructure in these cities is expected\u00a0 to greatly increase water demands in the nearest future.\u00a0 In addition to this problem, the extraction of water leads to overexploitation of the nearby aquifers and changing the directions of natural groundwater flows, thus, creating new hydrogeological and hydrochemical patterns which might irreversibly affect water quality.<br \/>\nOverall, this study addresses\u00a0 all important issues of socio-economic development in Poland as defined in\u00a0 a National Framework Programme. This type of research activity leads to closer cooperation between science and water management to improve the quality of life in Polish society and is in agreement with a major strategic research field area of\u00a0 a chapter &#8222;II-Environment&#8221;\u00a0 that includes 2.1 &#8211; Environmental Management; 2.5 &#8211; Optimize the use of natural resources and 2.3 &#8211; Biodiversity and its conservation.<\/p>\n<p style=\"text-align: center;\"><span style=\"color: #000080;\">Grant M &#8211; 2012 &#8211; <strong><em>Rola wyst\u0105pie\u0144 ska\u0142 w\u0119glanowych w kszta\u0142towaniu systemu przep\u0142ywu w\u00f3d podziemnych oraz drena\u017cu masyw\u00f3w krystalicznych w zlewni o z\u0142o\u017conej budowie geologicznej (na przyk\u0142adzie zlewni Jaski\u0144ca w G\u00f3rach Z\u0142otych).<\/em><\/strong><\/span><\/p>\n<p>Projekt stanowi kontynuacj\u0119 prowadzonych od 2003 roku bada\u0144, kt\u00f3re maj\u0105 na celu okre\u015blenie roli oraz dr\u00f3g zasilania i drena\u017cu niewielkiej soczewki wapieni krystalicznych w zlewni Jaski\u0144ca w g\u00f3rach Z\u0142otych oraz \u017ar\u00f3dliska Bystrzycy Dusznickiej w g\u00f3rach Orlickich. Obserwacje dowiod\u0142y, \u017ce w przypadku zlewni Jaski\u0144ca mamy do czynienia ze skomplikowanym systemem hydrologicznym sk\u0142adaj\u0105cym si\u0119 z dw\u00f3ch oddzielnych system\u00f3w krasowych. Jeden z nich pe\u0142ni rol\u0119 drenu, kt\u00f3ry zbiera wody przes\u0105czaj\u0105ce si\u0119 z wy\u017cej po\u0142o\u017conych warstw skalnych. Udzia\u0142 wody zasilaj\u0105cych ciek jest zmienny dla r\u00f3\u017cnych okres\u00f3w, ale zawsze wynosi ponad po\u0142ow\u0119 przep\u0142ywu potoku. Drugi system to odcinek podziemnego przep\u0142ywu w\u00f3d potoku (wody s\u0105 drenowane z potoku przez ponor).<\/p>\n<p>Badania obj\u0119\u0142y pomiary stacjonarne wydajno\u015bci \u017ar\u00f3de\u0142, profilowanie hydrodynamiczne Jaski\u0144ca oraz badania sk\u0142adu chemicznego w\u00f3d. Poszerzono tym samym wiedz\u0119 na temat wp\u0142ywu wyst\u0105pie\u0144 ska\u0142 w\u0119glanowych na kszta\u0142towanie przep\u0142ywu w\u00f3d podziemnych i drena\u017cu masyw\u00f3w krystalicznych. W efekcie rozpoznano uprzywilejowane drogi przep\u0142ywu w\u00f3d podziemnych, zale\u017cno\u015b\u0107 bilansow\u0105 pomi\u0119dzy poszczeg\u00f3lnymi systemami oraz wp\u0142ywu ska\u0142 w\u0119glanowych na warunki gromadzenia i przep\u0142ywu w\u00f3d podziemnych w ma\u0142ej zlewni o z\u0142o\u017conej budowie geologicznej. Dodatkowo badania stacjonarne dynamiki w\u00f3d oraz regularne okresowe badania sk\u0142adu chemicznego i badania znacznikowe pozwoli\u0142y oceni\u0107 sezonow\u0105 zmienno\u015b\u0107 intensywno\u015bci denudacji oraz okre\u015bli\u0107 rol\u0119 ponoru, jej zmienno\u015b\u0107 w czasie i wp\u0142yw na warunki hydrogeologiczne zlewni. Wykorzystuj\u0105c wzory empiryczne okre\u015blono obszar zasilania zlewni Jaski\u0144ca, g\u0142\u0119boko\u015b\u0107 system\u00f3w kr\u0105\u017cenia w\u00f3d podziemnych, mechanizm\u00f3w zasilania \u017ar\u00f3de\u0142 oraz wp\u0142ywu tektoniki i wyst\u0105pie\u0144 ska\u0142 w\u0119glanowych na kszta\u0142towanie systemu przep\u0142ywu w\u00f3d.<\/p>\n<p style=\"text-align: center;\"><span style=\"color: #000080;\">Grant MNiSW\u00a0 &#8211; Uniwersytet Przyrodniczy &#8211; lata 2008\/2011 &#8211; <strong><em>Geoekologiczne warunki \u015brodowiska przyrodniczego Parku Narodowego G\u00f3r Sto\u0142owych.<\/em><\/strong><\/span><\/p>\n<p>Celem projektu badawczego by\u0142o zbadanie geoekologicznych warunk\u00f3w \u015brodowiska przyrodniczego Parku Narodowego G\u00f3r Sto\u0142owych w aspekcie jego ochrony. Pe\u0142ne rozpoznanie unikatowego \u015brodowiska G\u00f3r Sto\u0142owych umo\u017cliwi\u0142o racjonalne okre\u015blenie w planie ochrony Parku element\u00f3w poznawczych, edukacyjnych, kulturowych, turystycznych, rekreacyjnych i sportowych dostosowanych do wymogu utrzymania ekosystem\u00f3w i zachowania powi\u0105za\u0144 miedzy nimi. G\u0142\u00f3wny cel zosta\u0142 zrealizowany przez interdyscyplinarny zesp\u00f3\u0142 badawczy, sk\u0142adaj\u0105cy si\u0119 ze specjalist\u00f3w z zakresu zagadnie\u0144, zjawisk i proces\u00f3w: geologicznych, geomorfologicznych, geodynamiki, klimatu i stosunk\u00f3w wodnych, ekosystem\u00f3w i gleboznawstwa.<\/p>\n<p>Efekt ko\u0144cowy projektu pozwoli\u0142 okre\u015bli\u0107 dynamik\u0119 \u015brodowiska przyrodniczego Parku, wynikaj\u0105c\u0105 ze zmian wywo\u0142anych przez czynniki zewn\u0119trzne i wewn\u0119trzne (procesy i zjawiska geologiczne i formy skalne, geomorfologiczna dynamika g\u00f3rotworu, geodynamika i ruchy masowe, klimat i stosunki wodne, przekszta\u0142cenia ekosystem\u00f3w, przeobra\u017cenia \u015brodowiska glebowego). Pr\u00f3ba oceny transformacji \u015brodowiska przyrodniczego w czasie, ze szczeg\u00f3lnym uwzgl\u0119dnieniem \u015brodowiska abiotycznego, pozwoli\u0142a opracowa\u0107 wytyczne i zalecenia do racjonalnego zarz\u0105dzania ruchem turystycznym i innymi dzia\u0142aniami podejmowanymi na terenie Parku. Wyniki bada\u0144 wykorzystano m.in. do opracowania oferty edukacyjnej w zakresie geoturystuki, a efekt interdyscyplinarnych bada\u0144 przyrodniczych zawarto w monografii \u015brodowiska geoekologicznego Parku Narodowego G\u00f3r Sto\u0142owych.<\/p>\n<p style=\"text-align: center;\"><span style=\"color: #000080;\">Grant M &#8211; 2011 &#8211;\u00a0 <strong><em>Strefowo\u015b\u0107 geotermiczna oraz moc cieplna mo\u017cliwa do uzyskania z p\u0142ytkich uj\u0119\u0107 w\u00f3d podziemnych (do 200m) na bloku przedsudeckim.<\/em><\/strong><\/span><\/p>\n<p>Celem projektu by\u0142o wyznaczenie strefowo\u015bci hydrotermicznej w\u00f3d podziemnych do g\u0142\u0119boko\u015bci 200 m. oraz policzenie mocy cieplnej mo\u017cliwej do uzyskania z w\u00f3d podziemnych na bloku przedsudeckim.<\/p>\n<p>Moc cieplna jest podstawowym kryterium decyduj\u0105cym o mo\u017cliwo\u015bciach wykorzystania uj\u0119cia do cel\u00f3w ciep\u0142owniczych. Poza wsp\u00f3\u0142czynnikiem efektywno\u015bci pomp ciep\u0142a moc zale\u017cy przede wszystkim od czynnik\u00f3w przyrodniczych &#8211; temperatury wody i wydajno\u015bci studni. Niestety prawo geologiczne i g\u00f3rnicze oraz prawo wodne nie obliguje wykonawcy studni ani jej u\u017cytkownik\u00f3w do pomiaru temperatury w\u00f3d. Obecnie w Pa\u0144stwowym Instytucie Geologicznym trwaj\u0105 prace nad wykonaniem mapy temperatur w\u00f3d podziemnych. Jednak mapa ta ma by\u0107 sporz\u0105dzona tylko dla u\u017cytkowych poziom\u00f3w wodono\u015bnych. W \u015bwietle prawa i strategii rozwojowej kraj\u00f3w cz\u0142onkowskich UE, dla kt\u00f3rych to przyj\u0119to og\u00f3lne za\u0142o\u017cenia i cele (COM(97)599) rozwoju odnawialnych \u017ar\u00f3de\u0142 energii, mo\u017ce okaza\u0107 si\u0119 to dzia\u0142aniem niewystarczaj\u0105cym. Dlatego te\u017c szczeg\u00f3lnie istotne dla cel\u00f3w naukowych i utylitarnych wydaje si\u0119 wykonanie dok\u0142adnego rozk\u0142adu temperatury w\u00f3d wszystkich poziom\u00f3w wodono\u015bnych.<\/p>\n<p>Stworzenie mapy strefowo\u015bci geotermicznej pozwoli\u0142o okre\u015bli\u0107 przestrzenny uk\u0142ad pola temperaturowego badanego regionu do g\u0142\u0119boko\u015bci 200 metr\u00f3w. Wyznaczenie strefowo\u015bci termiki w\u00f3d podziemnych umo\u017cliwi\u0142o dok\u0142adne policzenie maksymalnych mocy cieplnych mo\u017cliwych do uzyskania z w\u00f3d podziemnych przy zastosowaniu wsp\u00f3\u0142czesnych technologii (pomp ciep\u0142a). Dodatkowo wytypowano r\u00f3wnie\u017c obszary perspektywiczne do pozyskania energii. Zebrane informacje umo\u017cliwi\u0142y generowanie map i zestawie\u0144 tabelarycznych dla wybranych obszar\u00f3w i poziom\u00f3w wodono\u015bnych. Dla poszczeg\u00f3lnych, szczeg\u00f3\u0142owo scharakteryzowanych punkt\u00f3w zestawiono zasoby eksploatacyjne i rzeczywista temperatury wody. Dane te wykorzystano do policzenia punktowej mocy cieplnej, a po zestawieniu z mapami hydrogeologicznymi do oszacowania mocy cieplnej dla poszczeg\u00f3lnych pi\u0119ter wodono\u015bnych i obszar\u00f3w.<\/p>\n<p style=\"text-align: center;\"><span style=\"color: #000080;\">Grant MNiSW\u00a0 &#8211; 4 T12B 027 29 &#8211; lata 2005\/2008 &#8211; <strong><em>Baza danych i mapa \u017ar\u00f3de\u0142 Ziemi K\u0142odzkiej.<\/em><\/strong><\/span><\/p>\n<p>Celem projektu by\u0142o udokumentowanie naturalnych \u017ar\u00f3de\u0142 zwyk\u0142ych w\u00f3d podziemnych na obszarze i w bezpo\u015brednim s\u0105siedztwie Ziemi K\u0142odzkiej oraz stworzenie bazy danych GIS. Badaniami obj\u0119to wschodni\u0105 cz\u0119\u015b\u0107 Sudet\u00f3w o powierzchni 1250 km<sup>2 <\/sup>tj. masyw \u015anie\u017cnika, G\u00f3ry Bardzkie, G\u00f3ry Bystrzyckie, Orlickie, Z\u0142ote i Krowiarki. W ramach projektu wykonano archiwizacj\u0119 i weryfikacj\u0119 istniej\u0105cych danych, kartowanie \u017ar\u00f3de\u0142 oraz pomiary cech fizyko-chemicznych w\u00f3d.<\/p>\n<p>W bazie &#8222;\u0179r\u00f3d\u0142o&#8221; zestawiono i uporz\u0105dkowano istniej\u0105ce, ale rozproszone dane i pomiary. Wyznaczanie dok\u0142adnej lokalizacji po\u0142o\u017cenia \u017ar\u00f3d\u0142a wykonano przy u\u017cyciu globalnego systemu pozycjonowania GPS. Zebrane i opracowane dane mog\u0105 by\u0107 wykorzystane do wizualizacji i procesu decyzyjnego z zastosowaniem program\u00f3w QGIS, MapInfo i ArcInfo.<\/p>\n<p style=\"text-align: center;\"><span style=\"color: #000080;\">Grant W &#8211; lata 2005\/2006 &#8211; <strong><em>System Informacji Przestrzennej \u201e\u0179r\u00f3d\u0142o\u201d \u2013 jako narz\u0119dzie analityczne danych krenologicznych.<\/em><\/strong><\/span><\/p>\n<p style=\"text-align: center;\"><span style=\"color: #000080;\">Grant W &#8211; lata 2004\/2005 &#8211;\u00a0<\/span><strong><em><span style=\"color: #000080;\">Zmiany wydajno\u015bci, sk\u0142adu chemicznego i fizycznego w\u00f3d a ich pochodzenie w \u017ar\u00f3d\u0142owym odcinku Bystrzycy Dusznickiej.<\/span> <\/em><\/strong><\/p>\n<p style=\"text-align: center;\"><span style=\"color: #000080;\">Grant MNiSW (promotorski) &#8211; 5 T12B 056 25 &#8211; lata 2003\/2005 &#8211;\u00a0<strong><em>Warunki hydrogeologiczne osadowych formacji trzeciorz\u0119du bloku przedsudeckiego.<\/em><\/strong><\/span><\/p>\n<p>Celem bada\u0144 by\u0142o rozpoznanie regionalnych warunk\u00f3w hydrogeologicznych, zasob\u00f3w wodnych oraz sk\u0142adu chemicznego w\u00f3d podziemnych bloku przedsudeckiego (w granicach zlewni rzeki Bystrzycy). W pracy przedstawiono rozwa\u017cania na temat stopnia wykorzystania zasob\u00f3w w\u00f3d podziemnych oraz wytypowano perspektywiczne obszary pozyskania dobrych jako\u015bciowo w\u00f3d. Scharakteryzowano w\u0142a\u015bciwo\u015bci hydrogeologiczne ska\u0142 w aspekcie ich zdolno\u015bci do gromadzenia i przewodzenia w\u00f3d podziemnych oraz wykonano badania izotopowe w\u00f3d. W wyniku przeprowadzonych bada\u0144 i studi\u00f3w mo\u017cliwe by\u0142o skonstruowanie modelu hydrogeologicznego zlewni Bystrzycy. Na podstawie modelu policzono zasoby w\u00f3d podziemnych pietra czwartorz\u0119dowego i trzeciorz\u0119dowego oraz ustalono formy zasilania poszczeg\u00f3lnych warstw wodono\u015bnych. W oparciu o wykonane badania wykazano, \u017ce w omawianym rejonie istniej\u0105 znaczne rezerwy wodne.<\/p>\n<p style=\"text-align: center;\"><span style=\"color: #000080;\">Grant W &#8211; lata 2002\/2003 &#8211;\u00a0<strong><em>Warunki hydrogeologiczne osadowych formacji trzeciorz\u0119dowych na bloku przedsudeckim.<\/em><\/strong><\/span><\/p>\n","protected":false},"excerpt":{"rendered":"<p>Wsparcie wsp\u00f3\u0142pracy z otoczeniem spo\u0142eczno-gospodarczym Uniwersytetu Wroc\u0142awskiego &#8211; \u0179r\u00f3d\u0142a Opolskie. Wyja\u015bnienie przyczyn zaniku du\u017cych \u017ar\u00f3de\u0142 krasowych i zanieczyszczenia w\u00f3d podziemnych w \u00a0po\u0142udniowej Opolszczy\u017anie &#8211; rok 2024 Projekt Iceland, Lichtenstein, Norway grants pn. \u201eKarpaty \u0141\u0105cz\u0105 \u2013 ochrona Torfowisk Orawsko-Nowotarskich\u201d\u00a0 &#8211; lata 2023\/2024 Model przestrzenny\u00a0 uwarunkowa\u0144 abiotycznych, przedstawiaj\u0105cy stan siedlisk przyrodniczych (w zakresie modelu koncepcyjnego systemu hydrogeologicznego\u00a0 [&hellip;]<\/p>\n","protected":false},"author":1,"featured_media":0,"parent":42,"menu_order":0,"comment_status":"closed","ping_status":"closed","template":"","meta":[],"_links":{"self":[{"href":"https:\/\/sebu.ing.uni.wroc.pl\/index.php\/wp-json\/wp\/v2\/pages\/57"}],"collection":[{"href":"https:\/\/sebu.ing.uni.wroc.pl\/index.php\/wp-json\/wp\/v2\/pages"}],"about":[{"href":"https:\/\/sebu.ing.uni.wroc.pl\/index.php\/wp-json\/wp\/v2\/types\/page"}],"author":[{"embeddable":true,"href":"https:\/\/sebu.ing.uni.wroc.pl\/index.php\/wp-json\/wp\/v2\/users\/1"}],"replies":[{"embeddable":true,"href":"https:\/\/sebu.ing.uni.wroc.pl\/index.php\/wp-json\/wp\/v2\/comments?post=57"}],"version-history":[{"count":11,"href":"https:\/\/sebu.ing.uni.wroc.pl\/index.php\/wp-json\/wp\/v2\/pages\/57\/revisions"}],"predecessor-version":[{"id":634,"href":"https:\/\/sebu.ing.uni.wroc.pl\/index.php\/wp-json\/wp\/v2\/pages\/57\/revisions\/634"}],"up":[{"embeddable":true,"href":"https:\/\/sebu.ing.uni.wroc.pl\/index.php\/wp-json\/wp\/v2\/pages\/42"}],"wp:attachment":[{"href":"https:\/\/sebu.ing.uni.wroc.pl\/index.php\/wp-json\/wp\/v2\/media?parent=57"}],"curies":[{"name":"wp","href":"https:\/\/api.w.org\/{rel}","templated":true}]}}