{"id":51,"date":"2016-11-07T12:03:13","date_gmt":"2016-11-07T11:03:13","guid":{"rendered":"http:\/\/sebu.ing.uni.wroc.pl\/?page_id=51"},"modified":"2024-10-08T10:04:10","modified_gmt":"2024-10-08T08:04:10","slug":"konferencje","status":"publish","type":"page","link":"https:\/\/sebu.ing.uni.wroc.pl\/index.php\/nauka\/konferencje\/","title":{"rendered":"Konferencje"},"content":{"rendered":"<p><strong>Prezentacja wynik\u00f3w bada\u0144 \/ Konferencje<\/strong><\/p>\n<ul>\n<li>19<sup>th<\/sup> Biennial Conference ERB \/2024\/ &#8211; Inca<\/li>\n<li>Karpaty \u0141\u0105cz\u0105 \u2013 ochrona Torfowisk Orawsko-Nowotarskich \/2024\/. Narodowej Fundacji Ochrony \u015arodowiska \u2013 Centrum UNEP\/GRID-Warszawa, Nowy Targ<\/li>\n<li>Kongers Miasto-Woda-Jako\u015b\u0107 \u017bycia \/2023\/ &#8211; Wroc\u0142aw<\/li>\n<li>Odkrywcy Polskiej Miedzi \/2023\/ &#8211; Polkowice<\/li>\n<li>\n<div>Protection of peat bogs and valuable species of plants and animals in Central Europe \/2023\/ &#8211; Ko\u015bcielisko<\/div>\n<\/li>\n<li>&#8222;Pojezierze Leszczy\u0144skie &#8211; wybrane problemy \/2023\/ &#8211; Brenno<\/li>\n<li>FlowPath \/2021\/ &#8211; Neapol<\/li>\n<li>Open Eyes Economy Summit &#8211; Economy of a Water City \/2018\/ &#8211; Wroc\u0142aw<\/li>\n<li>XVIII Wsp\u00f3\u0142czesne Problemy Hydrogeologii \/2017\/ \u2013 Wojan\u00f3w k. Jeleniej G\u00f3ry<strong> \/wsp\u00f3\u0142organizator\/<\/strong><\/li>\n<li>16<sup>th<\/sup> Biennial Conference ERB \/2016\/ &#8211; Bukareszt<\/li>\n<li>48 Sympozjum Speleologiczne \/2014\/ &#8211; Kletno <strong>\/wsp\u00f3\u0142prowadz\u0105cy sesj\u0119 terenow\u0105\/<\/strong><\/li>\n<li>10th International Hydrogeological Congress \/2014\/ &#8211; Saloniki<\/li>\n<li>XVI Wsp\u00f3\u0142czesne Problemy Hydrogeologii \/2013\/ \u2013 Jachranka<\/li>\n<li>Dni Otwarte Wydzia\u0142u Nauk o Ziemi i Kszta\u0142towania \u015arodowiska \/2013\/ &#8211; Wroc\u0142aw<\/li>\n<li>Seminarium &#8222;Energia geotermalna dla pogranicza polsko-sakso\u0144skiego \u2013 Oddzia\u0142 Dolno\u015bl\u0105ski PIG we Wroc\u0142awiu oraz Sakso\u0144ski Urz\u0105d Krajowy\u00a0 ds. \u015arodowiska, Rolnictwa i Geologii we Fraibergu \/2013\/ &#8211; Zgorzelec<\/li>\n<li>IV International Field Workshop For Young Hydrogeologists \/2013\/ &#8211; L\u0105dek Zdr\u00f3j<strong> \/wsp\u00f3\u0142organizator\/<\/strong><\/li>\n<li>Dolno\u015bl\u0105skie Dni Wody \/2013\/ &#8211; Wroc\u0142aw <strong>\/wsp\u00f3\u0142organizator\/<\/strong><\/li>\n<li>II Og\u00f3lnopolska Konferencja Naukowa Modelowanie Proces\u00f3w Hydrologicznych \/2011\/ &#8211; Wroc\u0142aw <strong>\/wsp\u00f3\u0142organizator\/<\/strong><\/li>\n<li>III Og\u00f3lnopolski kongres geotermalny \/2011\/ &#8211; L\u0105dek Zdr\u00f3j<\/li>\n<li>IV Konferencja Naukowa Modelowanie przep\u0142ywu w\u00f3d podziemnych \/2010\/ &#8211; Gda\u0144sk<\/li>\n<li>40-lecie Hydrogeologii w Uniwersytecie Wroc\u0142awskim \/2010\/ &#8211; L\u0105dek Zdr\u00f3j <strong>\/wsp\u00f3\u0142organizator\/<\/strong><\/li>\n<li>Post\u0119p w rozpoznaniu zasob\u00f3w w\u00f3d podziemnych Sudet\u00f3w i ich przedpola w 100 rocznic\u0119 urodzin docenta Micha\u0142a R\u00f3\u017cyckiego \/2009\/ &#8211; Wroc\u0142aw <strong>\/wsp\u00f3\u0142organizator\/<\/strong><\/li>\n<li>Warsztaty Projekt\u00f3w Badawczych Specjalnych MNiSZW, TOPOCLIM, GLACIODYN, KINVIKA i POLARCAT Mi\u0119dzynarodowego Roku Polarnego 2007-2009 \/2008\/ &#8211; Kudowa Zdr\u00f3j<\/li>\n<li>XXXXI Sympozjum Speleologiczne \/2007\/ &#8211; Kletno <strong>\/wsp\u00f3\u0142prowadz\u0105cy sesj\u0119 terenow\u0105\/<\/strong><\/li>\n<li>XIII Wsp\u00f3\u0142czesne Problemy Hydrogeologii \/2007\/ &#8211; Krynica Zdr\u00f3j<\/li>\n<li>KARST AND CRYOKARST &#8211; 25th Speleological School &amp; 8th GLACKIPR Symposium \/2007\/ &#8211; Sosnowiec-Wroc\u0142aw &#8211;\u00a0<strong>\/wsp\u00f3\u0142prowadz\u0105cy sesj\u0119 terenow\u0105\/<\/strong><\/li>\n<li>4th Workshop on hard rock hydrogeology of the Bohemian Massif \/2006\/ &#8211; Jugowice <strong>\/wsp\u00f3\u0142prowadz\u0105cy sesj\u0119 terenow\u0105\/<\/strong><\/li>\n<li>II Konferencja Naukowa Modelowanie Przep\u0142ywu W\u00f3d Podziemnych \/2006\/ &#8211; Ci\u0105\u017ce\u0144<\/li>\n<li>Zr\u00f3wnowa\u017cone wykorzystanie zasob\u00f3w naturalnych Dolnego \u015al\u0105ska \/2006\/ \u2013 Lubin<\/li>\n<li>\u0179r\u00f3d\u0142a &#8211; \u015brodowiskowe aspekty bada\u0144 \/2006\/ &#8211; \u0141od\u017a<\/li>\n<li>Warsztaty z hydrologii krasowej \/2006\/ &#8211; Krak\u00f3w<\/li>\n<li>XIV Og\u00f3lnopolska Konferencja Naukowa Chemizm opad\u00f3w atmosferycznych, w\u00f3d powierzchniowych i podziemnych \/2005\/ &#8211; \u0141\u00f3d\u017a<\/li>\n<li>XII Wsp\u00f3\u0142czesne Problemy Hydrogeologii \/2005\/ &#8211; Toru\u0144<\/li>\n<li>Geologiczne i \u015brodowiskowe problemy gospodarowania i ochrony doliny g\u00f3rnej i \u015brodkowej Odry \/2004\/ &#8211; Wroc\u0142aw<\/li>\n<li>Modelowanie przep\u0142ywu w\u00f3d podziemnych \/2004\/ &#8211; Wroc\u0142aw <strong>\/wsp\u00f3\u0142organizator\/<\/strong><\/li>\n<li>XIII Og\u00f3lnopolska Konferencja Naukowa Chemizm opad\u00f3w atmosferycznych, w\u00f3d powierzchniowych i podziemnych \/2003\/ &#8211; \u0141\u00f3d\u017a<\/li>\n<li>XXXVII Sympozjum Speleologiczne \/2003\/ &#8211; Wojciesz\u00f3w<\/li>\n<li>XI Wsp\u00f3\u0142czesne Problemy Hydrogeologii \/2003\/ &#8211; Jastrz\u0119bia G\u00f3ra<\/li>\n<\/ul>\n","protected":false},"excerpt":{"rendered":"<p>Prezentacja wynik\u00f3w bada\u0144 \/ Konferencje 19th Biennial Conference ERB \/2024\/ &#8211; Inca Karpaty \u0141\u0105cz\u0105 \u2013 ochrona Torfowisk Orawsko-Nowotarskich \/2024\/. Narodowej Fundacji Ochrony \u015arodowiska \u2013 Centrum UNEP\/GRID-Warszawa, Nowy Targ Kongers Miasto-Woda-Jako\u015b\u0107 \u017bycia \/2023\/ &#8211; Wroc\u0142aw Odkrywcy Polskiej Miedzi \/2023\/ &#8211; Polkowice Protection of peat bogs and valuable species of plants and animals in Central Europe \/2023\/ [&hellip;]<\/p>\n","protected":false},"author":1,"featured_media":323,"parent":42,"menu_order":0,"comment_status":"closed","ping_status":"closed","template":"","meta":[],"_links":{"self":[{"href":"https:\/\/sebu.ing.uni.wroc.pl\/index.php\/wp-json\/wp\/v2\/pages\/51"}],"collection":[{"href":"https:\/\/sebu.ing.uni.wroc.pl\/index.php\/wp-json\/wp\/v2\/pages"}],"about":[{"href":"https:\/\/sebu.ing.uni.wroc.pl\/index.php\/wp-json\/wp\/v2\/types\/page"}],"author":[{"embeddable":true,"href":"https:\/\/sebu.ing.uni.wroc.pl\/index.php\/wp-json\/wp\/v2\/users\/1"}],"replies":[{"embeddable":true,"href":"https:\/\/sebu.ing.uni.wroc.pl\/index.php\/wp-json\/wp\/v2\/comments?post=51"}],"version-history":[{"count":17,"href":"https:\/\/sebu.ing.uni.wroc.pl\/index.php\/wp-json\/wp\/v2\/pages\/51\/revisions"}],"predecessor-version":[{"id":698,"href":"https:\/\/sebu.ing.uni.wroc.pl\/index.php\/wp-json\/wp\/v2\/pages\/51\/revisions\/698"}],"up":[{"embeddable":true,"href":"https:\/\/sebu.ing.uni.wroc.pl\/index.php\/wp-json\/wp\/v2\/pages\/42"}],"wp:featuredmedia":[{"embeddable":true,"href":"https:\/\/sebu.ing.uni.wroc.pl\/index.php\/wp-json\/wp\/v2\/media\/323"}],"wp:attachment":[{"href":"https:\/\/sebu.ing.uni.wroc.pl\/index.php\/wp-json\/wp\/v2\/media?parent=51"}],"curies":[{"name":"wp","href":"https:\/\/api.w.org\/{rel}","templated":true}]}}